6. What are the prime factors of c?
2, 29
Suppose 1 = 3*m - 14. Suppose 0 = 4*o - 4*c - 60, -m*o + 58 = 4*c - 17. List the prime factors of o.
3, 5
Let x be 0*((-15)/6)/5. Suppose -s + x*s = -42. Suppose -s = 2*l - 5*l. What are the prime factors of l?
2, 7
Let o be (-18)/(-27) - 4/6. Suppose -5*m + o*m + 915 = 0. Suppose m = 5*y + 48. What are the prime factors of y?
3
Let l(v) = v**2 + v + 96. List the prime factors of l(28).
2, 227
Let m(s) = 1 + 513*s - 535*s - 6 - s**2. What are the prime factors of m(-15)?
2, 5
Let n(f) = -2*f + 12. Let y be n(17). Let k = -19 - y. Suppose t + a = 8, 8*a = k*a. What are the prime factors of t?
2
Let m(i) = -i**3 - 10*i**2 - 10*i + 3. Suppose -2*l - 6 = -0*l. Let q be (6 - l)*(-3)/3. List the prime factors of m(q).
2, 3
Let l(r) = r**3 - 7*r**2 + 5*r + 12. Let g be l(6). Suppose 3*a - u = 339, g*u + 113 = a + u. What are the prime factors of a?
113
Suppose -5*y = -29868 + 11503. What are the prime factors of y?
3673
Suppose 2*l = k - 257, k + 7*l - 272 = 4*l. What are the prime factors of k?
263
Let p(t) = -t - 1. Let m(h) = 4*h + 12. Let w(b) = -m(b) - 2*p(b). Let q be w(-5). Suppose -4*f + 137 - 17 = q. List the prime factors of f.
2, 3, 5
Suppose 3*l = -3*l + 1890. Suppose 5*r = 125 + l. List the prime factors of r.
2, 11
Let i(l) = 3*l**2 + 30*l - 39. List the prime factors of i(-17).
2, 3, 53
Let d(o) = o**3 - 8*o**2 + 16*o - 10. Let t(v) = 3*v**3 - 24*v**2 + 47*v - 30. Let z(x) = -11*d(x) + 4*t(x). What are the prime factors of z(7)?
5
Let d(n) be the third derivative of n**5/30 - 2*n**4/3 + 4*n**3/3 - 11*n**2. What are the prime factors of d(9)?
2, 13
Let s(u) = 2*u**3 - 15*u**2 - 18*u + 21. What are the prime factors of s(12)?
3, 367
What are the prime factors of 5*(-5 + 676/13)?
5, 47
Let t(q) = -q**2 - 26*q - 45. Let l be t(-24). Let y(m) = 2*m**3 + 2*m. List the prime factors of y(l).
2, 3, 5
Suppose -4*p - 5*f = -2099, -5*p + 5*f = -0*p - 2635. List the prime factors of p.
2, 263
Let q be 8/20 + 298/5. Suppose 0*s - q = -3*s. Let h = s + -10. What are the prime factors of h?
2, 5
Suppose 3*t + 15 = 0, 9*t + 85 = 4*v + 4*t. Let i be (-18)/(-15)*v/6. Suppose -91 + 33 = -2*p + 4*z, i*p - 37 = -4*z. What are the prime factors of p?
19
Let x(m) = m - m + 0*m**2 + m**2 - m. Let b be x(1). What are the prime factors of b - 1/((-2)/56)?
2, 7
Suppose 19*t - 3*t - 4352 = 0. List the prime factors of t.
2, 17
Let m be (-57)/(-2) - (-10)/20. Suppose 0 = 3*c + 5*k - m, k + 3 - 4 = 0. What are the prime factors of c?
2
Let t = -158 + 274. What are the prime factors of t?
2, 29
Suppose 429*a = 439*a - 7120. What are the prime factors of a?
2, 89
Suppose 6*c - 2*c = o + 599, -161 = -c + 4*o. Let i = c + -74. List the prime factors of i.
3, 5
Let t = -26 - -44. Let f be ((-9)/(-2))/(t/240). Suppose 2*b - 15 - 40 = -3*j, -3*j + f = 3*b. List the prime factors of j.
3, 5
Let f = -1 - 14. What are the prime factors of (-162)/f*(-25)/(-10)?
3
Let k be (65/(-15))/((-1)/(-3)). Let b = -14 - k. List the prime factors of 40 - ((-3)/b)/3.
3, 13
List the prime factors of 1*498*(-7)/(-14).
3, 83
Suppose -y = b - 4*y, 5*b - 5*y = -50. Let d be (1 - -1)*6/12. Let w = d - b. List the prime factors of w.
2
What are the prime factors of ((-1266)/18)/(7/(-84))?
2, 211
Suppose 0 = -11*o + 10*o + 273. Let l = -157 + o. Suppose p - 3*p = -l. List the prime factors of p.
2, 29
Let g = -719 - -433. Let m = g + 426. What are the prime factors of m?
2, 5, 7
Let z = 72 - 70. Suppose -z*j = b - 84 - 165, -3*b + 732 = j. List the prime factors of b.
3
Suppose -3*a = -5*z + 131, 3*a + 75 = -z + 4*z. Let v = 32 - z. Suppose -5*l = 5*o - 120, v*o = 2*o - 3*l + 47. What are the prime factors of o?
5
Let y = 64 + 64. Let w be 3/(2/(y/12)). List the prime factors of 45/4 - 4/w.
11
Suppose -2*s + 2936 = -4*w, -4*s - 1452 = -3*w - 7309. List the prime factors of s.
2, 17, 43
Suppose -4*b = -5*m - 24, -4*b = 5*m + 16 - 0. Let y(z) = 18*z**2 + 2*z - 1. Let p be y(b). Suppose 0 = 5*j - p - 21. List the prime factors of j.
2
Let k = 13 + -38. Let v = k + 29. Suppose -v*c - 13 = -201. What are the prime factors of c?
47
List the prime factors of (8/(-6))/(28/(-34146)).
2, 3, 271
Let z = 5665 - 3060. What are the prime factors of z?
5, 521
Suppose 5*o + 3 = 3. List the prime factors of 291/3 + o + 4/(-2).
5, 19
Let m(t) = -t - 12. Let d be m(-9). Let y be (-128)/(-24) - (-4)/d. Suppose a - 144 = -4*u, y*u - 3*a - a - 164 = 0. What are the prime factors of u?
37
Let b(v) = -v**3 - 6*v**2 + 5*v. Suppose 0*i = -3*i - 15. Let p be b(i). List the prime factors of (-1490)/p + (-2)/(-10).
2, 3, 5
Let l(x) = -6*x**2 + x**2 + 5*x**2 + 6*x**2 - 2*x - 7. What are the prime factors of l(-2)?
3, 7
Let y = 81 - -87. Let m = 57 + y. What are the prime factors of m?
3, 5
Let q(s) = s**3 + 12*s**2 - 17*s - 13. Let i be (-117)/78 - (-18)/(-4). What are the prime factors of q(i)?
5, 61
Let z be 2/(-13) - 82/(-26). Suppose 3 = -0*l - z*l. What are the prime factors of (l*6)/(4/(-30))?
3, 5
Let y = 2 - -10. List the prime factors of (4/(-8))/((-2)/y).
3
Let l(b) = -100*b - 9. Let m = 8 - 10. Let s be l(m). Let p = s - 133. What are the prime factors of p?
2, 29
Suppose -s = -5*j + 18, 2*j - 2*s = -0*s + 4. Let p(v) = v**2 + 5*v - 8. Let x be p(-10). Suppose 26 = j*u - x. List the prime factors of u.
17
Let u = 732 - 377. What are the prime factors of u?
5, 71
Suppose -5*z + 17*z - 3780 = 0. List the prime factors of z.
3, 5, 7
Let f(d) = -38*d - 9. Let h be f(-2). Let y = 166 + h. List the prime factors of y.
233
Let d = -24 - -68. List the prime factors of 2/((-4)/30)*d/(-10).
2, 3, 11
Let p(o) = -o - 1. Let k be p(3). Let t = k - -54. Suppose -2*w + 0*w + t = 0. List the prime factors of w.
5
Suppose -q = -23 + 29. Let d(l) = 6*l**3 + 10*l**2 + 10. Let x(u) = u**3 + u**2 + 1. Let j(f) = -d(f) + 5*x(f). List the prime factors of j(q).
31
Let g(w) = w**3 + 14*w**2 + 15*w + 13. Let u be g(-13). Let t(q) = -3*q - 2. Let k be t(u). Suppose k = 3*d - 2*d. What are the prime factors of d?
37
Let b = -4 - 2. Let k(t) = -15*t + 2. Let l(w) = -16*w + 2. Let a(v) = b*k(v) + 5*l(v). What are the prime factors of a(1)?
2
Suppose 0*r + 2*r + 2 = 0. Let v be r/3*14*-3. Let z = v + 1. List the prime factors of z.
3, 5
Let l be (-1236)/9 - (-1)/3. Let q = 373 + l. What are the prime factors of q?
2, 59
Let o be 3 + 4 + 4/(-4). Suppose -4*j = -16, 5*l - o = 4*j + 8. Let x(b) = b**2 - 5*b + 5. What are the prime factors of x(l)?
11
What are the prime factors of 114*(-84)/(-18) - -2?
2, 3, 89
Let j(w) = 12*w - 7. Let u be (1/2)/(4/48). What are the prime factors of j(u)?
5, 13
Let v(g) = g**3 + 17*g**2 + 4*g + 32. Let l be v(-17). Let d = l - -52. What are the prime factors of d?
2
Suppose p - 36 = -p. Suppose 3*z + p = 234. List the prime factors of z.
2, 3
Let q(o) = -o**2 - 2*o - 1. Let a be q(-1). Let t = 2 + a. Suppose -t*f + 34 = -f. What are the prime factors of f?
2, 17
Suppose 0 + 16 = 4*g. Let w be g/(-10) - (-1212)/30. Let p = 89 - w. What are the prime factors of p?
7
Let c = 320 - 78. What are the prime factors of c?
2, 11
Let i = 5 + -11. List the prime factors of (5 - -64)/(i/(-16)).
2, 23
What are the prime factors of 108/72*(-1684)/(-3)?
2, 421
Let u(f) = 102*f - 25. List the prime factors of u(4).
383
Let s be 2 + 3*4/6. Suppose -s*h + 243 = -5*a, 2*h - 128 = -0*h - 4*a. List the prime factors of h.
2, 31
Suppose 4*m = 8*m - j - 1103, 4*m - 3*j - 1093 = 0. List the prime factors of m.
277
Let u(p) = 78*p - 370. List the prime factors of u(20).
2, 5, 7, 17
Suppose 0 = -u - m + 637, 3*u + 158*m - 163*m = 1887. List the prime factors of u.
2, 317
Let f be (-4)/(-18) - 232/(-9). Let a(v) = -v**2 - 4*v + 2. Let p be a(-4). Suppose p*j - f = 4*t, -2*j - 4*t + 16 = -10. What are the prime factors of j?
13
Let y(c) = -c**2 + 9*c - 10. Let v be y(9). Let a = 12 + v. Suppose 0 = a*p - p - 29. What are the prime factors of p?
29
Let x(d) = d**3 + 7*d**2 - 2. What are the prime factors of x(-6)?
2, 17
Let s = -1575 - -2402. List the prime factors of s.
827
Let t be 516/(-42) + (-4)/(-14). Let a be (2/4)/((-3)/t). Suppose a*b + 2*b - 289 = -5*l, 0 = b + 4*l - 86. List the prime factors of b.
2, 3, 11
Let o be 3*70/25*5/3. Let t be 39/(-3 + 0) - -2. Let g = o + t. List the prime 